termine n(3).
313
Let p(g) = 47*g**2 + 366*g - 6120. What is p(-16)?
56
Let u(g) = 2*g**3 + 179*g**2 - 97*g - 695. Calculate u(-90).
-65
Let h(o) = -5*o**3 - 3316*o**2 + 5984*o - 716. Determine h(-665).
-51
Let q(g) = -148639*g + 594602. Determine q(4).
46
Let m(h) = -228*h + 9285. Determine m(41).
-63
Let z(n) = -2587*n - 356968. Give z(-138).
38
Let x(d) = 36243*d + 72538. What is x(-2)?
52
Let a(u) = 31*u**3 - 200*u**2 + 83*u - 4. What is a(6)?
-10
Let p(x) = 400588*x + 3204709. What is p(-8)?
5
Let g(w) = -17*w**2 - 378*w + 13699. Give g(19).
380
Let p(j) = -85*j**2 - 1268*j + 3007. Determine p(-17).
-2
Let w(p) = -3851*p + 38360. Give w(10).
-150
Let a(j) = -j**2 - 4493*j + 199067. Give a(44).
-561
Let y(u) = -33*u**3 + 1019*u**2 + 125*u - 150. Determine y(31).
-119
Let x(c) = 524*c - 76573. Calculate x(151).
2551
Let l(k) = 55261*k + 36306480. Determine l(-657).
3
Let d(m) = 7*m**2 - 815*m + 18086. Calculate d(25).
2086
Let t(c) = c**3 - 110*c**2 + 731*c - 1052. What is t(103)?
-22
Let t(v) = 38010*v - 3040826. Calculate t(80).
-26
Let u(a) = 4*a**3 - 16*a**2 + 119*a - 17. Calculate u(5).
678
Let a(r) = -r**3 + 23*r**2 + 269*r - 4335. Give a(27).
12
Let m(i) = -2963*i + 50359. What is m(17)?
-12
Let g(q) = -826*q**2 + 28968*q. Give g(35).
2030
Let n(w) = -239*w + 30034. What is n(114)?
2788
Let d(b) = -b**3 - 19*b**2 - 74*b + 182. Calculate d(-13).
130
Let c(n) = 20*n + 4327. Calculate c(-177).
787
Let a(w) = 16*w**3 + 9*w**2 - 6*w + 6. Determine a(2).
158
Let h(r) = 58*r**2 - 19*r + 13. What is h(4)?
865
Let t(m) = -265*m**2 + 9052*m - 10135. Give t(33).
-4
Let u(s) = 16*s**2 - 199*s - 2616. What is u(-8)?
0
Let w(n) = 57*n**2 - 655*n - 252. What is w(12)?
96
Let r(q) = 32435*q - 1135245. Give r(35).
-20
Let n(s) = 24*s**2 - 3043*s + 3044. What is n(1)?
25
Let h(r) = 10*r**3 + 99*r**2 - 7*r - 195. Calculate h(-9).
597
Let k(s) = 704923*s + 5639386. Calculate k(-8).
2
Let f(r) = 243*r + 2356. Calculate f(-10).
-74
Let r(j) = -2*j**2 - 244767*j + 1713467. Determine r(7).
0
Let j(l) = -17*l**2 + 16138*l - 132675. Give j(941).
6
Let t(s) = 10418*s - 27201402. Give t(2611).
-4
Let i(d) = -d**3 - 988*d**2 + 3736*d - 230136. Calculate i(-992).
8
Let g(r) = -552563*r - 2762817. Calculate g(-5).
-2
Let i(z) = -15*z**3 + 48*z**2 - 220*z + 905. Calculate i(4).
-167
Let n(x) = 2*x**3 - 195*x**2 - 989*x + 7430. Give n(102).
188
Let s(f) = 11131*f + 345055. What is s(-31)?
-6
Let b(s) = -s**2 + 4626*s - 201780. Calculate b(44).
-172
Let r(y) = 4*y**2 - 1727*y - 185986. What is r(521)?
11
Let h(j) = -j**3 - 92*j**2 - 183*j + 61. Give h(-90).
331
Let k(i) = -5*i**3 + 56*i**2 - 279*i + 2910. Determine k(11).
-38
Let g(h) = 35*h**2 + 591*h - 3091. Give g(-21).
-67
Let r(g) = 19*g**3 - 110*g**2 + 181*g - 1204. Calculate r(6).
26
Let q(i) = -79*i + 1423. What is q(30)?
-947
Let b(t) = t**3 - 102*t**2 + 65*t + 3213. Give b(101).
-423
Let k(a) = a**3 + 44*a**2 - 248*a - 12520. Calculate k(-43).
-7
Let u(m) = -123*m**2 - 602*m - 260. Calculate u(-7).
-2073
Let j(b) = -b**3 + 100*b**2 - 16*b + 1658. Give j(100).
58
Let c(a) = a**3 + 29*a**2 + 250*a + 967. Calculate c(-19).
-173
Let q(p) = 21*p**3 - 17*p**2 + 239*p - 417. Give q(2).
161
Let l(i) = -i**3 - 11*i**2 + 751*i + 4564. Give l(-6).
-122
Let q(k) = 2*k**3 - 42*k**2 + 189*k - 2881. Determine q(20).
99
Let v(n) = -n**2 + 2146*n + 87929. Determine v(-42).
-3967
Let f(c) = -c**3 + 51*c**2 - 34*c + 47. What is f(50)?
847
Let k(a) = 425*a**2 - 1536*a - 372. Determine k(4).
284
Let b(o) = -o**3 - 60*o**2 + 536*o + 42651. Determine b(-56).
91
Let b(p) = -p**3 - 763*p**2 - 30274*p + 342. Determine b(-42).
6
Let v(q) = q**3 + 126*q**2 - 1416*q - 178468. Give v(-126).
-52
Let q(o) = -o**3 + 64*o**2 + 660*o - 160. What is q(73)?
59
Let y(f) = 12932*f + 36854. What is y(-3)?
-1942
Let x(z) = 11*z**2 + 627*z - 17835. Determine x(-78).
183
Let k(g) = -g**2 + 5980*g + 313663. What is k(-52)?
-1
Let m(b) = 3*b**3 + 86*b**2 + 47*b - 369. What is m(-28)?
-117
Let y(t) = 65131*t + 6057152. Calculate y(-93).
-31
Let j(a) = -46*a**2 - 38618*a + 38623. Calculate j(1).
-41
Let c(b) = b**3 + 2080*b**2 - 8380*b + 176. Calculate c(4).
0
Let s(g) = -471*g**2 - 1896*g + 6. Calculate s(-4).
54
Let f(l) = 383*l**2 - 2298*l - 56. Determine f(6).
-56
Let n(z) = -z**3 - 397*z**2 - 1425*z - 95745. Calculate n(-394).
-3
Let y(o) = -o**2 + 101667*o + 711744. Determine y(-7).
26
Let g(q) = q**3 + 122*q**2 - 653*q - 1150. Give g(-127).
1136
Let u(g) = 2115*g**2 + 84608*g + 323. What is u(-40)?
3
Let v(l) = 107129*l + 2678174. Calculate v(-25).
-51
Let k(t) = 23101*t - 646254. Determine k(28).
574
Let d(b) = -683*b - 232207. Give d(-340).
13
Let p(t) = -t**3 + 275*t**2 + 276*t - 760. Give p(276).
-760
Let c(y) = -y**2 - 303*y - 22912. Give c(-158).
-2
Let y(k) = k**2 + 34605*k - 8082183. Calculate y(232).
1
Let w(r) = -r**3 - 19*r**2 - 84*r - 1157. Give w(-16).
-581
Let q(j) = -1566*j**3 - 51*j**2 - 3*j + 2. What is q(-1)?
1520
Let p(g) = 2*g**3 - 291*g**2 - 151*g + 432. What is p(146)?
-298
Let g(c) = -399*c**2 - 29524*c + 152. Calculate g(-74).
4
Let t(o) = -o**2 - 3323*o - 2574382. Give t(-1230).
8
Let d(f) = 9*f**3 + 177*f**2 - 60*f + 137. What is d(-20)?
137
Let t(n) = -31*n**2 - 87*n + 2251. Give t(-10).
21
Let f(z) = -993*z + 518370. Give f(522).
24
Let w(c) = -2*c**3 + 148*c**2 - 582*c - 474. What is w(5)?
66
Let j(h) = 297*h**2 - 4443*h - 87. Calculate j(15).
93
Let n(o) = 13257*o - 318169. Calculate n(24).
-1
Let x(o) = 2*o**3 - 127*o**2 - 219*o + 247. What is x(65)?
-1313
Let s(p) = -191*p + 2427. What is s(16)?
-629
Let c(d) = 907*d - 40939. Determine c(49).
3504
Let h(c) = c**3 + 4*c**2 - 1709*c + 1218. Determine h(39).
-30
Let n(v) = -3629*v + 29429. Give n(8).
397
Let y(q) = -q**3 + 27*q**2 + 1695*q + 81. Calculate y(57).
-774
Let j(u) = 201*u**3 - 2204*u**2 - 319*u + 2665. Calculate j(11).
3
Let s(l) = 2*l**3 + 58*l**2 + 424*l + 82. Determine s(-16).
-46
Let c(u) = -18*u**2 + 2120*u + 519. Give c(118).
47
Let z(t) = t**2 + 178*t - 74446. What is z(198)?
2
Let u(h) = 35*h**2 + 563*h - 558. Calculate u(1).
40
Let q(d) = 3851*d + 11572. Determine q(-3).
19
Let t(h) = -h**2 + 4000*h + 64256. Calculate t(-16).
0
Let y(v) = -912*v**2 + 593*v + 1196. Calculate y(-2).
-3638
Let s(y) = 12*y**2 + 7872*y - 47952. Give s(-662).
-288
Let b(w) = -180*w + 2622. Calculate b(11).
642
Let u(p) = -88*p + 1561. Calculate u(7).
945
Let c(y) = 7695*y + 2185389. Determine c(-284).
9
Let c(k) = 716*k + 808. What is c(-2)?
-624
Let l(m) = -m**3 + 4*m**2 + 350*m + 17. Determine l(21).
-130
Let u(s) = 2*s**3 + 357*s**2 - 220*s - 70850. What is u(-178)?
-6
Let a(q) = 8*q**2 - 563*q + 509. Give a(69).
-250
Let g(d) = -8*d**2 - 231*d - 439. Determine g(-33).
-1528
Let c(h) = 10*h**3 - 1105*h**2 + 547*h + 321. Calculate c(110).
-9
Let j(k) = 17*k**3 - 3602*k**2 - 426*k + 574. Give j(212).
150
Let y(a) = 2*a**2 + 15971*a + 13. Give y(0).
13
Let i(u) = -105169*u + 420679. What is i(4)?
3
Let j(l) = -82*l - 10377. Calculate j(-140).
1103
Let o(j) = 334*j + 1738. Give o(-5).
68
Let t(o) = 22*o**3 + 2986*o**2 - 807*o + 1218. What is t(-136)?
-6
Let x(i) = -2*i**2 + 536*i - 8872. What is x(19)?
590
Let n(t) = 2*t**3 - 37*t**2 - 270*t + 1616. What is n(23)?
167
Let r(n) = 120*n - 12048. What is r(101)?
72
Let k(q) = -q**3 - 35*q**2 - 261*q + 84. Determine k(-23).
-261
Let s(j) = j**3 + 4*j**2 + 541*j - 1621. Calculate s(3).
65
Let h(s) = 4*s**2 - 15110*s - 60468. Determine h(-4).
36
Let b(f) = -8055*f + 209440. Determine b(26).
10
Let x(t) = -15346*t - 905412. What is x(-59)?
2
Let z(m) = -2*m**2 - 683*m - 21176. Determine z(-307).
7
Let x(v) = 2*v**2 - 2*v - 643. Give x(16).
-163
Let m(u) = 23654*u - 544038. Determine m(23).
4
Let d(x) = 29155*x + 20845827. Determine d(-715).
2
Let u(f) = 3*f**2 + 148*f + 300. Calculate u(-48).
108
Let j(f) = -4*f**3 + 104*f**2 - 943*f - 27. What is j(10)?
-3057
Let o(p) = -28*p**2 - 15467*p + 15466. Give o(1).
-29
Let b(j) = 5*j**2 + 1956*j + 26437. Calculate b(-14).
33
Let n(k) = 2195*k + 250191. Give n(-114).
-39
Let a(s) = -377*s + 3655. Give a(10).
-115
Let b(g) = -g**3 + 243*g**2 + 1456*g - 226. Calculate b(-6).
2
Let x(o) = -23529*o + 494102. Calculate x(21).
-7
Let p(g) = 8*g**3 - 8*g**2 - 216*g + 1611. Calculate p(8